{"id":14943,"date":"2021-06-02T10:38:00","date_gmt":"2021-06-02T08:38:00","guid":{"rendered":"https:\/\/amspiegeln.at\/?page_id=14943"},"modified":"2024-11-20T11:37:43","modified_gmt":"2024-11-20T10:37:43","slug":"vacanze-vienna","status":"publish","type":"page","link":"https:\/\/amspiegeln.at\/it\/vacanze-vienna\/","title":{"rendered":"vacanze.vienna"},"content":{"rendered":"<div class=\"wpb-content-wrapper\"><p>[vc_row row_content_width=&#8221;grid&#8221; css=&#8221;.vc_custom_1621601700636{padding-top: 100px !important;padding-bottom: 120px !important;}&#8221;][vc_column width=&#8221;1\/6&#8243;][\/vc_column][vc_column width=&#8221;2\/3&#8243;]<div class=\"mkdf-section-title-holder  mkdf-st-standard mkdf-st-ha-center mkdf-st-title-left mkdf-st-normal-space \" style=\"text-align: center\">\n\t<div class=\"mkdf-st-inner\">\n\t\t\t\t\t<h6 class=\"mkdf-st-subtitle\" style=\"margin-bottom:0px\">\n\t\t\t\tvacanze.vienna\t\t\t<\/h6>\n\t\t\t\t\t\t\t<h2 class=\"mkdf-st-title\" >\n\t\t\t\tItaliani benvenuti!\t\t\t\t\t\t\t<\/h2>\n\t\t\t\t\t\t\t<div class=\"mkdf-st-separator\" ><\/div>\n\t\t\t\t\t<\/div>\n<\/div>[vc_empty_space height=&#8221;18px&#8221;][vc_column_text css=&#8221;.vc_custom_1732098881686{padding-top: 8px !important;}&#8221;]Il dialog.hotel.wien Am Spiegeln \u00e8 il centro mariapoli del movimento dei focolari a Vienna. Con tanta gioia accogliamo persone provenienti dall\u2019Italia lungo tutto l\u2019anno \u2013 che siano famiglie, gruppi di amici, persone singole. Qui si parla italiano e si provede tutto il materiale per trovarsi bene a Vienna anche in lingua italiana.[\/vc_column_text][vc_empty_space height=&#8221;36px&#8221;]<div class=\"mkdf-section-title-holder  mkdf-st-standard mkdf-st-ha-left mkdf-st-title-left mkdf-st-normal-space \" style=\"text-align: left\">\n\t<div class=\"mkdf-st-inner\">\n\t\t\t\t\t\t\t<h3 class=\"mkdf-st-title\" >\n\t\t\t\tDove siamo\t\t\t\t\t\t\t<\/h3>\n\t\t\t\t\t\t\t<div class=\"mkdf-st-separator\" ><\/div>\n\t\t\t\t\t<\/div>\n<\/div>[vc_column_text css=&#8221;.vc_custom_1622622809003{padding-top: 8px !important;}&#8221;]Il centro mariapoli si trova nel 23esimo distretto al sud della citt\u00e0\u00a0 di Vienna, in una bella zona verde e tranquilla, alle propaggini del Bosco Viennese, vicino al castello di Sch\u00f6nbrunn. Il centro citt\u00e0\u00a0 si raggiunge in 30\u2019 con i mezzi pubblici. La casa, spaziosa ed accogliente, il servizio personalizzato, vi aiuteranno molto a riposare. Famiglie, gruppi di amici, persone singole: tutti possono sentirsi a casa. Vienna affascina sempre, \u00e8 bella in ogni stagione. Perch\u00e9 possiate scegliere il periodo da voi preferito, il centro mariapoli \u00e8 aperto tutto l\u2019anno.[\/vc_column_text][vc_empty_space height=&#8221;18px&#8221;]<a itemprop=\"url\" href=\"https:\/\/amspiegeln.at\/it\/dove-siamo\/\" target=\"_self\"  class=\"mkdf-btn mkdf-btn-medium mkdf-btn-simple\"  >\n    <span class=\"mkdf-btn-text\">pi\u00f9 informazioni<\/span>\n    <\/a>[vc_row_inner el_class=&#8221;spiegel-center&#8221; css=&#8221;.vc_custom_1622622476089{padding-top: 0px !important;padding-bottom: 0px !important;}&#8221;][vc_column_inner][vc_empty_space height=&#8221;36px&#8221;]<a itemprop=\"url\" href=\"https:\/\/amspiegeln.at\/it\/richiesta\" target=\"_self\"  class=\"mkdf-btn mkdf-btn-medium mkdf-btn-outline\"  >\n    <span class=\"mkdf-btn-text\">richiesta<\/span>\n    <\/a>[\/vc_column_inner][\/vc_row_inner][\/vc_column][vc_column width=&#8221;1\/6&#8243;][\/vc_column][\/vc_row]<\/p>\n<\/div>","protected":false},"excerpt":{"rendered":"<p>[vc_row row_content_width=&#8221;grid&#8221; css=&#8221;.vc_custom_1621601700636{padding-top: 100px !important;padding-bottom: 120px !important;}&#8221;][vc_column width=&#8221;1\/6&#8243;][\/vc_column][vc_column width=&#8221;2\/3&#8243;][vc_empty_space height=&#8221;18px&#8221;][vc_column_text css=&#8221;.vc_custom_1732098881686{padding-top: 8px !important;}&#8221;]Il dialog.hotel.wien Am Spiegeln \u00e8 il centro mariapoli del movimento dei focolari a Vienna. Con tanta gioia accogliamo persone provenienti dall\u2019Italia lungo tutto l\u2019anno \u2013 che siano famiglie, [&hellip;]<\/p>\n","protected":false},"author":1,"featured_media":0,"parent":0,"menu_order":0,"comment_status":"closed","ping_status":"closed","template":"","meta":{"inline_featured_image":false,"footnotes":""},"class_list":["post-14943","page","type-page","status-publish","hentry"],"_links":{"self":[{"href":"https:\/\/amspiegeln.at\/it\/wp-json\/wp\/v2\/pages\/14943","targetHints":{"allow":["GET"]}}],"collection":[{"href":"https:\/\/amspiegeln.at\/it\/wp-json\/wp\/v2\/pages"}],"about":[{"href":"https:\/\/amspiegeln.at\/it\/wp-json\/wp\/v2\/types\/page"}],"author":[{"embeddable":true,"href":"https:\/\/amspiegeln.at\/it\/wp-json\/wp\/v2\/users\/1"}],"replies":[{"embeddable":true,"href":"https:\/\/amspiegeln.at\/it\/wp-json\/wp\/v2\/comments?post=14943"}],"version-history":[{"count":5,"href":"https:\/\/amspiegeln.at\/it\/wp-json\/wp\/v2\/pages\/14943\/revisions"}],"predecessor-version":[{"id":16686,"href":"https:\/\/amspiegeln.at\/it\/wp-json\/wp\/v2\/pages\/14943\/revisions\/16686"}],"wp:attachment":[{"href":"https:\/\/amspiegeln.at\/it\/wp-json\/wp\/v2\/media?parent=14943"}],"curies":[{"name":"wp","href":"https:\/\/api.w.org\/{rel}","templated":true}]}}

<div class="wpb-content-wrapper"><p>[vc_row row_content_width=&#8221;grid&#8221; css=&#8221;.vc_custom_1621601700636{padding-top: 100px !important;padding-bottom: 120px !important;}&#8221;][vc_column width=&#8221;1/6&#8243;][/vc_column][vc_column width=&#8221;2/3&#8243;]<div class="mkdf-section-title-holder  mkdf-st-standard mkdf-st-ha-center mkdf-st-title-left mkdf-st-normal-space " style="text-align: center">
	<div class="mkdf-st-inner">
					<h6 class="mkdf-st-subtitle" style="margin-bottom:0px">
				vacanze.vienna			</h6>
							<h2 class="mkdf-st-title" >
				Italiani benvenuti!							</h2>
							<div class="mkdf-st-separator" ></div>
					</div>
</div>[vc_empty_space height=&#8221;18px&#8221;][vc_column_text css=&#8221;.vc_custom_1732098881686{padding-top: 8px !important;}&#8221;]Il dialog.hotel.wien Am Spiegeln è il centro mariapoli del movimento dei focolari a Vienna. Con tanta gioia accogliamo persone provenienti dall’Italia lungo tutto l’anno – che siano famiglie, gruppi di amici, persone singole. Qui si parla italiano e si provede tutto il materiale per trovarsi bene a Vienna anche in lingua italiana.[/vc_column_text][vc_empty_space height=&#8221;36px&#8221;]<div class="mkdf-section-title-holder  mkdf-st-standard mkdf-st-ha-left mkdf-st-title-left mkdf-st-normal-space " style="text-align: left">
	<div class="mkdf-st-inner">
							<h3 class="mkdf-st-title" >
				Dove siamo							</h3>
							<div class="mkdf-st-separator" ></div>
					</div>
</div>[vc_column_text css=&#8221;.vc_custom_1622622809003{padding-top: 8px !important;}&#8221;]Il centro mariapoli si trova nel 23esimo distretto al sud della città  di Vienna, in una bella zona verde e tranquilla, alle propaggini del Bosco Viennese, vicino al castello di Schönbrunn. Il centro città  si raggiunge in 30’ con i mezzi pubblici. La casa, spaziosa ed accogliente, il servizio personalizzato, vi aiuteranno molto a riposare. Famiglie, gruppi di amici, persone singole: tutti possono sentirsi a casa. Vienna affascina sempre, è bella in ogni stagione. Perché possiate scegliere il periodo da voi preferito, il centro mariapoli è aperto tutto l’anno.[/vc_column_text][vc_empty_space height=&#8221;18px&#8221;]<a itemprop="url" href="https://amspiegeln.at/it/dove-siamo/" target="_self"  class="mkdf-btn mkdf-btn-medium mkdf-btn-simple"  >
    <span class="mkdf-btn-text">più informazioni</span>
    </a>[vc_row_inner el_class=&#8221;spiegel-center&#8221; css=&#8221;.vc_custom_1622622476089{padding-top: 0px !important;padding-bottom: 0px !important;}&#8221;][vc_column_inner][vc_empty_space height=&#8221;36px&#8221;]<a itemprop="url" href="https://amspiegeln.at/it/richiesta" target="_self"  class="mkdf-btn mkdf-btn-medium mkdf-btn-outline"  >
    <span class="mkdf-btn-text">richiesta</span>
    </a>[/vc_column_inner][/vc_row_inner][/vc_column][vc_column width=&#8221;1/6&#8243;][/vc_column][/vc_row]</p>
</div>

<p>[vc_row row_content_width=&#8221;grid&#8221; css=&#8221;.vc_custom_1621601700636{padding-top: 100px !important;padding-bottom: 120px !important;}&#8221;][vc_column width=&#8221;1/6&#8243;][/vc_column][vc_column width=&#8221;2/3&#8243;][vc_empty_space height=&#8221;18px&#8221;][vc_column_text css=&#8221;.vc_custom_1732098881686{padding-top: 8px !important;}&#8221;]Il dialog.hotel.wien Am Spiegeln è il centro mariapoli del movimento dei focolari a Vienna. Con tanta gioia accogliamo persone provenienti dall’Italia lungo tutto l’anno – che siano famiglie, [&hellip;]</p>
