{"id":15142,"date":"2021-06-11T15:33:34","date_gmt":"2021-06-11T13:33:34","guid":{"rendered":"https:\/\/amspiegeln.at\/?page_id=15142"},"modified":"2024-11-27T17:45:08","modified_gmt":"2024-11-27T16:45:08","slug":"kapelle","status":"publish","type":"page","link":"https:\/\/amspiegeln.at\/it\/kapelle\/","title":{"rendered":"Kapelle"},"content":{"rendered":"<div class=\"wpb-content-wrapper\"><p>[vc_row row_content_width=&#8221;grid&#8221; css=&#8221;.vc_custom_1621525901153{padding-top: 100px !important;padding-bottom: 60px !important;}&#8221;][vc_column width=&#8221;1\/6&#8243;][\/vc_column][vc_column width=&#8221;2\/3&#8243; el_class=&#8221;spiegel-center&#8221;]<div class=\"mkdf-section-title-holder  mkdf-st-standard mkdf-st-ha-center mkdf-st-title-left mkdf-st-normal-space \" style=\"text-align: center\">\n\t<div class=\"mkdf-st-inner\">\n\t\t\t\t\t<h6 class=\"mkdf-st-subtitle\" style=\"margin-bottom:0px\">\n\t\t\t\tChi siamo\t\t\t<\/h6>\n\t\t\t\t\t\t\t<h2 class=\"mkdf-st-title\" >\n\t\t\t\tCappella\t\t\t\t\t\t\t<\/h2>\n\t\t\t\t\t\t\t<div class=\"mkdf-st-separator\" ><\/div>\n\t\t\t\t\t<\/div>\n<\/div>[\/vc_column][vc_column width=&#8221;1\/6&#8243;][\/vc_column][\/vc_row][vc_row gap=&#8221;30&#8243; row_content_width=&#8221;grid&#8221; css=&#8221;.vc_custom_1621513229269{padding-bottom: 60px !important;}&#8221;][vc_column css=&#8221;.vc_custom_1621513712720{padding-bottom: 30px !important;}&#8221; offset=&#8221;vc_col-lg-6 vc_col-xs-12&#8243;]<div class=\"mkdf-section-title-holder  mkdf-st-standard mkdf-st-ha-left mkdf-st-title-left mkdf-st-normal-space \" style=\"text-align: left\">\n\t<div class=\"mkdf-st-inner\">\n\t\t\t\t\t\t\t<h3 class=\"mkdf-st-title\" >\n\t\t\t\tRilassare \u2013 Riflettere \u2013 Pregare\t\t\t\t\t\t\t<\/h3>\n\t\t\t\t\t\t\t<div class=\"mkdf-st-separator\" ><\/div>\n\t\t\t\t\t\t\t<span class=\"mkdf-st-text\" >\n\t\t\t\tLa nostra cappella \u00e8 sempre aperta ai visitatori. Qui troverete uno spazio per la riflessione interiore e l'unit\u00e0 con Dio.\t\t\t<\/span>\n\t\t\t<\/div>\n<\/div>[\/vc_column][vc_column offset=&#8221;vc_col-lg-6 vc_col-xs-12&#8243;]<div class=\"mkdf-section-title-holder  mkdf-st-standard mkdf-st-ha-left mkdf-st-title-left mkdf-st-normal-space \" style=\"text-align: left\">\n\t<div class=\"mkdf-st-inner\">\n\t\t\t\t\t\t\t<h3 class=\"mkdf-st-title\" >\n\t\t\t\tDesign artistico\t\t\t\t\t\t\t<\/h3>\n\t\t\t\t\t\t\t<div class=\"mkdf-st-separator\" ><\/div>\n\t\t\t\t\t<\/div>\n<\/div>[vc_empty_space height=&#8221;18px&#8221;][vc_column_text css=&#8221;&#8221;]La cappella \u00e8 stata progettata congiuntamente da due artisti: La parete vetrata di <a href=\"https:\/\/www.annemarie-baumgarten.at\/\">Annemarie Baumgarten<\/a>, Vienna, insieme all&#8217;altare, all&#8217;ambone e al tabernacolo dell&#8217;artista italiano <a href=\"https:\/\/www.labottegadiciro.it\/\">CIRO<\/a> (Roberto Cipollone) formano un&#8217;unit\u00e0 e danno allo spazio una forza radiosa. Il vetro colorato, pieno di luce e simile a un acquerello, eleva l&#8217;anima mentre allo stesso tempo viene radicata in terra dal lavoro di CIRO: l&#8217;usato, l&#8217;arrugginito, il rotto, lo scartato assumono significato e bellezza, e possono essere trasformati dal modo in cui si relazionano tra loro.[\/vc_column_text][\/vc_column][\/vc_row][vc_row gap=&#8221;30&#8243; row_content_width=&#8221;grid&#8221; css=&#8221;.vc_custom_1622646143233{padding-bottom: 120px !important;}&#8221;][vc_column css=&#8221;.vc_custom_1621513712720{padding-bottom: 30px !important;}&#8221; offset=&#8221;vc_col-lg-6 vc_col-xs-12&#8243;]<div class=\"mkdf-image-gallery  mkdf-ig-slider-type   \">\n\t<div class=\"mkdf-ig-slider mkdf-owl-slider\" data-number-of-items=\"1\" data-enable-loop=\"no\" data-enable-autoplay=\"no\" data-slider-speed=\"5000\" data-slider-speed-animation=\"600\" data-slider-padding=\"no\" data-enable-navigation=\"no\" data-enable-pagination=\"no\">\n\t\t\t\t\t<div class=\"mkdf-ig-image\">\n\t\t\t\t\t\t\t\t\t<img loading=\"lazy\" decoding=\"async\" width=\"1000\" height=\"650\" src=\"https:\/\/amspiegeln.at\/wp-content\/uploads\/2021\/05\/hotel-am-spiegeln-chapel-inside.jpg\" class=\"attachment-full size-full\" alt=\"\" srcset=\"https:\/\/amspiegeln.at\/wp-content\/uploads\/2021\/05\/hotel-am-spiegeln-chapel-inside.jpg 1000w, https:\/\/amspiegeln.at\/wp-content\/uploads\/2021\/05\/hotel-am-spiegeln-chapel-inside-300x195.jpg 300w, https:\/\/amspiegeln.at\/wp-content\/uploads\/2021\/05\/hotel-am-spiegeln-chapel-inside-768x499.jpg 768w\" sizes=\"auto, (max-width: 1000px) 100vw, 1000px\" \/>\t\t\t\t\t\t\t<\/div>\n\t\t\t<\/div>\n<\/div>[\/vc_column][vc_column offset=&#8221;vc_col-lg-6 vc_col-xs-12&#8243;]<div class=\"mkdf-section-title-holder  mkdf-st-standard  mkdf-st-title-left mkdf-st-normal-space \" >\n\t<div class=\"mkdf-st-inner\">\n\t\t\t\t\t\t\t<h3 class=\"mkdf-st-title\" >\n\t\t\t\tCelebrazioni\t\t\t\t\t\t\t<\/h3>\n\t\t\t\t\t\t\t<div class=\"mkdf-st-separator\" ><\/div>\n\t\t\t\t\t<\/div>\n<\/div>[vc_empty_space height=&#8221;18px&#8221;][vc_column_text css=&#8221;&#8221;]Le celebrazioni quotidiane sono frequentate da persone del quartiere, dagli ospiti dell&#8217;hotel e dal personale.<\/p>\n<p><strong>Orari di servizio regolari<\/strong>: Luned\u00ec, marted\u00ec, gioved\u00ec e venerd\u00ec ore 18, sabato ore 7, domenica ore 9.<\/p>\n<p>Si prega di fare riferimento al <a href=\"https:\/\/www.erzdioezese-wien.at\/pages\/inst\/20004813\/gottesdienste\">calendario delle funzioni religiose dell&#8217;Arcidiocesi di Vienna<\/a> per gli orari attualmente validi.[\/vc_column_text][\/vc_column][\/vc_row][vc_row][vc_column][vc_widget_sidebar sidebar_id=&#8221;content-bottom&#8221;][\/vc_column][\/vc_row]<\/p>\n<\/div>","protected":false},"excerpt":{"rendered":"<p>[vc_row row_content_width=&#8221;grid&#8221; css=&#8221;.vc_custom_1621525901153{padding-top: 100px !important;padding-bottom: 60px !important;}&#8221;][vc_column width=&#8221;1\/6&#8243;][\/vc_column][vc_column width=&#8221;2\/3&#8243; el_class=&#8221;spiegel-center&#8221;][\/vc_column][vc_column width=&#8221;1\/6&#8243;][\/vc_column][\/vc_row][vc_row gap=&#8221;30&#8243; row_content_width=&#8221;grid&#8221; css=&#8221;.vc_custom_1621513229269{padding-bottom: 60px !important;}&#8221;][vc_column css=&#8221;.vc_custom_1621513712720{padding-bottom: 30px !important;}&#8221; offset=&#8221;vc_col-lg-6 vc_col-xs-12&#8243;][\/vc_column][vc_column offset=&#8221;vc_col-lg-6 vc_col-xs-12&#8243;][vc_empty_space height=&#8221;18px&#8221;][vc_column_text css=&#8221;&#8221;]La cappella \u00e8 stata progettata congiuntamente da due artisti: La parete vetrata di Annemarie Baumgarten, Vienna, [&hellip;]<\/p>\n","protected":false},"author":1,"featured_media":0,"parent":0,"menu_order":0,"comment_status":"closed","ping_status":"closed","template":"","meta":{"inline_featured_image":false,"footnotes":""},"class_list":["post-15142","page","type-page","status-publish","hentry"],"_links":{"self":[{"href":"https:\/\/amspiegeln.at\/it\/wp-json\/wp\/v2\/pages\/15142","targetHints":{"allow":["GET"]}}],"collection":[{"href":"https:\/\/amspiegeln.at\/it\/wp-json\/wp\/v2\/pages"}],"about":[{"href":"https:\/\/amspiegeln.at\/it\/wp-json\/wp\/v2\/types\/page"}],"author":[{"embeddable":true,"href":"https:\/\/amspiegeln.at\/it\/wp-json\/wp\/v2\/users\/1"}],"replies":[{"embeddable":true,"href":"https:\/\/amspiegeln.at\/it\/wp-json\/wp\/v2\/comments?post=15142"}],"version-history":[{"count":5,"href":"https:\/\/amspiegeln.at\/it\/wp-json\/wp\/v2\/pages\/15142\/revisions"}],"predecessor-version":[{"id":16788,"href":"https:\/\/amspiegeln.at\/it\/wp-json\/wp\/v2\/pages\/15142\/revisions\/16788"}],"wp:attachment":[{"href":"https:\/\/amspiegeln.at\/it\/wp-json\/wp\/v2\/media?parent=15142"}],"curies":[{"name":"wp","href":"https:\/\/api.w.org\/{rel}","templated":true}]}}

<div class="wpb-content-wrapper"><p>[vc_row row_content_width=&#8221;grid&#8221; css=&#8221;.vc_custom_1621525901153{padding-top: 100px !important;padding-bottom: 60px !important;}&#8221;][vc_column width=&#8221;1/6&#8243;][/vc_column][vc_column width=&#8221;2/3&#8243; el_class=&#8221;spiegel-center&#8221;]<div class="mkdf-section-title-holder  mkdf-st-standard mkdf-st-ha-center mkdf-st-title-left mkdf-st-normal-space " style="text-align: center">
	<div class="mkdf-st-inner">
					<h6 class="mkdf-st-subtitle" style="margin-bottom:0px">
				Chi siamo			</h6>
							<h2 class="mkdf-st-title" >
				Cappella							</h2>
							<div class="mkdf-st-separator" ></div>
					</div>
</div>[/vc_column][vc_column width=&#8221;1/6&#8243;][/vc_column][/vc_row][vc_row gap=&#8221;30&#8243; row_content_width=&#8221;grid&#8221; css=&#8221;.vc_custom_1621513229269{padding-bottom: 60px !important;}&#8221;][vc_column css=&#8221;.vc_custom_1621513712720{padding-bottom: 30px !important;}&#8221; offset=&#8221;vc_col-lg-6 vc_col-xs-12&#8243;]<div class="mkdf-section-title-holder  mkdf-st-standard mkdf-st-ha-left mkdf-st-title-left mkdf-st-normal-space " style="text-align: left">
	<div class="mkdf-st-inner">
							<h3 class="mkdf-st-title" >
				Rilassare – Riflettere – Pregare							</h3>
							<div class="mkdf-st-separator" ></div>
							<span class="mkdf-st-text" >
				La nostra cappella è sempre aperta ai visitatori. Qui troverete uno spazio per la riflessione interiore e l'unità con Dio.			</span>
			</div>
</div>[/vc_column][vc_column offset=&#8221;vc_col-lg-6 vc_col-xs-12&#8243;]<div class="mkdf-section-title-holder  mkdf-st-standard mkdf-st-ha-left mkdf-st-title-left mkdf-st-normal-space " style="text-align: left">
	<div class="mkdf-st-inner">
							<h3 class="mkdf-st-title" >
				Design artistico							</h3>
							<div class="mkdf-st-separator" ></div>
					</div>
</div>[vc_empty_space height=&#8221;18px&#8221;][vc_column_text css=&#8221;&#8221;]La cappella è stata progettata congiuntamente da due artisti: La parete vetrata di <a href="https://www.annemarie-baumgarten.at/">Annemarie Baumgarten</a>, Vienna, insieme all&#8217;altare, all&#8217;ambone e al tabernacolo dell&#8217;artista italiano <a href="https://www.labottegadiciro.it/">CIRO</a> (Roberto Cipollone) formano un&#8217;unità e danno allo spazio una forza radiosa. Il vetro colorato, pieno di luce e simile a un acquerello, eleva l&#8217;anima mentre allo stesso tempo viene radicata in terra dal lavoro di CIRO: l&#8217;usato, l&#8217;arrugginito, il rotto, lo scartato assumono significato e bellezza, e possono essere trasformati dal modo in cui si relazionano tra loro.[/vc_column_text][/vc_column][/vc_row][vc_row gap=&#8221;30&#8243; row_content_width=&#8221;grid&#8221; css=&#8221;.vc_custom_1622646143233{padding-bottom: 120px !important;}&#8221;][vc_column css=&#8221;.vc_custom_1621513712720{padding-bottom: 30px !important;}&#8221; offset=&#8221;vc_col-lg-6 vc_col-xs-12&#8243;]<div class="mkdf-image-gallery  mkdf-ig-slider-type   ">
	<div class="mkdf-ig-slider mkdf-owl-slider" data-number-of-items="1" data-enable-loop="no" data-enable-autoplay="no" data-slider-speed="5000" data-slider-speed-animation="600" data-slider-padding="no" data-enable-navigation="no" data-enable-pagination="no">
					<div class="mkdf-ig-image">
									<img loading="lazy" decoding="async" width="1000" height="650" src="https://amspiegeln.at/wp-content/uploads/2021/05/hotel-am-spiegeln-chapel-inside.jpg" class="attachment-full size-full" alt="" srcset="https://amspiegeln.at/wp-content/uploads/2021/05/hotel-am-spiegeln-chapel-inside.jpg 1000w, https://amspiegeln.at/wp-content/uploads/2021/05/hotel-am-spiegeln-chapel-inside-300x195.jpg 300w, https://amspiegeln.at/wp-content/uploads/2021/05/hotel-am-spiegeln-chapel-inside-768x499.jpg 768w" sizes="auto, (max-width: 1000px) 100vw, 1000px" />							</div>
			</div>
</div>[/vc_column][vc_column offset=&#8221;vc_col-lg-6 vc_col-xs-12&#8243;]<div class="mkdf-section-title-holder  mkdf-st-standard  mkdf-st-title-left mkdf-st-normal-space " >
	<div class="mkdf-st-inner">
							<h3 class="mkdf-st-title" >
				Celebrazioni							</h3>
							<div class="mkdf-st-separator" ></div>
					</div>
</div>[vc_empty_space height=&#8221;18px&#8221;][vc_column_text css=&#8221;&#8221;]Le celebrazioni quotidiane sono frequentate da persone del quartiere, dagli ospiti dell&#8217;hotel e dal personale.</p>
<p><strong>Orari di servizio regolari</strong>: Lunedì, martedì, giovedì e venerdì ore 18, sabato ore 7, domenica ore 9.</p>
<p>Si prega di fare riferimento al <a href="https://www.erzdioezese-wien.at/pages/inst/20004813/gottesdienste">calendario delle funzioni religiose dell&#8217;Arcidiocesi di Vienna</a> per gli orari attualmente validi.[/vc_column_text][/vc_column][/vc_row][vc_row][vc_column][vc_widget_sidebar sidebar_id=&#8221;content-bottom&#8221;][/vc_column][/vc_row]</p>
</div>

<p>[vc_row row_content_width=&#8221;grid&#8221; css=&#8221;.vc_custom_1621525901153{padding-top: 100px !important;padding-bottom: 60px !important;}&#8221;][vc_column width=&#8221;1/6&#8243;][/vc_column][vc_column width=&#8221;2/3&#8243; el_class=&#8221;spiegel-center&#8221;][/vc_column][vc_column width=&#8221;1/6&#8243;][/vc_column][/vc_row][vc_row gap=&#8221;30&#8243; row_content_width=&#8221;grid&#8221; css=&#8221;.vc_custom_1621513229269{padding-bottom: 60px !important;}&#8221;][vc_column css=&#8221;.vc_custom_1621513712720{padding-bottom: 30px !important;}&#8221; offset=&#8221;vc_col-lg-6 vc_col-xs-12&#8243;][/vc_column][vc_column offset=&#8221;vc_col-lg-6 vc_col-xs-12&#8243;][vc_empty_space height=&#8221;18px&#8221;][vc_column_text css=&#8221;&#8221;]La cappella è stata progettata congiuntamente da due artisti: La parete vetrata di Annemarie Baumgarten, Vienna, [&hellip;]</p>
